4875?
False
Is 214 a factor of 510410?
False
Does 1014 divide 673296?
True
Is 2 a factor of 121486?
True
Does 3 divide 11871?
True
Is 9214331 a multiple of 707?
True
Is 2386 a multiple of 13?
False
Is 16233075 a multiple of 75?
True
Is 246 a factor of 2065782?
False
Is 8397610 a multiple of 10?
True
Is 366 a factor of 477398?
False
Is 27 a factor of 68745?
False
Does 441 divide 762489?
True
Is 6 a factor of 2230?
False
Does 9 divide 296568?
True
Does 22 divide 518285?
False
Is 111 a factor of 3690750?
True
Is 2 a factor of 41532?
True
Is 14605920 a multiple of 1960?
True
Is 13 a factor of 13221?
True
Is 61967 a multiple of 37?
False
Is 225 a factor of 100125?
True
Does 239 divide 3247532?
True
Is 2748681 a multiple of 9?
True
Does 51 divide 2001597?
True
Is 138 a factor of 1940084?
False
Is 36 a factor of 93960?
True
Is 2606500 a multiple of 52?
True
Does 129 divide 280175?
False
Is 225120 a multiple of 14?
True
Is 248918 a multiple of 26?
False
Does 86 divide 1415053?
False
Is 70 a factor of 178509?
False
Does 5 divide 3235?
True
Is 245 a factor of 183723?
False
Is 409535 a multiple of 98?
False
Is 3 a factor of 113321?
False
Does 435 divide 10941945?
False
Is 5213403 a multiple of 39?
True
Is 9 a factor of 1271471?
False
Does 123 divide 4617297?
True
Is 354 a factor of 6807066?
True
Does 22 divide 12448305?
False
Is 22 a factor of 18253796?
True
Is 5 a factor of 909590?
True
Is 26 a factor of 6491678?
False
Does 7 divide 6284?
False
Is 181 a factor of 267091?
False
Is 782080 a multiple of 40?
True
Is 2764031 a multiple of 64?
False
Is 59 a factor of 3912172?
True
Is 31104 a multiple of 8?
True
Is 190 a factor of 7448760?
True
Is 5138229 a multiple of 584?
False
Is 597 a factor of 4629138?
True
Is 131 a factor of 29475?
True
Is 31 a factor of 678776?
True
Does 6 divide 1367567?
False
Does 31 divide 60512?
True
Does 261 divide 1203471?
True
Is 265 a factor of 144881?
False
Does 355 divide 3204230?
True
Is 12 a factor of 372783?
False
Is 162028 a multiple of 334?
False
Does 5 divide 61575?
True
Is 3430560 a multiple of 112?
True
Does 60 divide 52560?
True
Does 745 divide 11090124?
False
Does 17 divide 3570612?
True
Does 113 divide 4656302?
False
Is 281 a factor of 44398?
True
Is 16 a factor of 18250?
False
Is 22 a factor of 200640?
True
Does 10 divide 113160?
True
Is 90090 a multiple of 273?
True
Does 4 divide 4204?
True
Is 2 a factor of 1201601?
False
Is 113200 a multiple of 40?
True
Is 1796336 a multiple of 76?
True
Does 17 divide 657220?
True
Is 1227636 a multiple of 29?
False
Is 2434086 a multiple of 17?
False
Is 75 a factor of 23927?
False
Is 39 a factor of 5055570?
True
Is 862600 a multiple of 152?
True
Is 4312000 a multiple of 704?
True
Does 508 divide 281952?
False
Does 62 divide 648396?
True
Is 100 a factor of 5907300?
True
Is 122601 a multiple of 398?
False
Does 22 divide 1053320?
False
Does 3 divide 724556?
False
Does 352 divide 4925888?
True
Does 368 divide 10219541?
False
Is 180648 a multiple of 24?
True
Is 90744 a multiple of 148?
False
Is 371 a factor of 908159?
False
Is 12546 a multiple of 18?
True
Does 13 divide 115609?
True
Is 347 a factor of 542361?
True
Does 25 divide 12168025?
True
Does 260 divide 780260?
True
Does 3 divide 212802?
True
Does 540 divide 831600?
True
Is 232 a factor of 3197888?
True
Is 340881 a multiple of 111?
True
Is 9 a factor of 122364?
True
Does 511 divide 533484?
True
Is 15170409 a multiple of 17?
True
Is 2636 a multiple of 9?
False
Does 44 divide 195313?
False
Does 57 divide 18468?
True
Is 1624567 a multiple of 103?
False
Is 12 a factor of 33654?
False
Is 162574 a multiple of 29?
True
Is 9 a factor of 5576328?
True
Is 8 a factor of 80728?
True
Does 27 divide 16582509?
True
Is 562087 a multiple of 31?
False
Does 427 divide 15449686?
False
Does 255 divide 1269900?
True
Is 47 a factor of 2013?
False
Does 10 divide 160636?
False
Does 113 divide 194456?
False
Is 41 a factor of 31769?
False
Is 224827 a multiple of 3?
False
Is 11480 a multiple of 40?
True
Does 33 divide 2619903?
True
Does 28 divide 24103936?
False
Does 673 divide 2460539?
False
Does 91 divide 287469?
True
Is 83 a factor of 1639001?
True
Does 5 divide 31860?
True
Is 120544 a multiple of 32?
True
Does 323 divide 50711?
True
Is 1291 a factor of 4625837?
False
Does 125 divide 3287750?
True
Is 648094 a multiple of 51?
False
Is 77638 a multiple of 22?
True
Does 13 divide 4940806?
True
Is 1227132 a multiple of 36?
True
Does 15 divide 1955459?
False
Is 5 a factor of 68303?
False
Does 2 divide 470077?
False
Is 201 a factor of 119435?
False
Is 78 a factor of 478064?
False
Is 688875 a multiple of 84?
False
Is 2602671 a multiple of 125?
False
Is 228 a factor of 129960?
True
Is 416 a factor of 750464?
True
Does 703 divide 501904?
False
Is 599 a factor of 2749189?
False
Is 21 a factor of 15409170?
True
Does 492 divide 9533469?
False
Does 197 divide 661893?
False
Is 7 a factor of 541213?
False
Does 559 divide 5250128?
True
Is 72 a factor of 1161354?
False
Is 50505 a multiple of 35?
True
Does 65 divide 733070?
True
Is 23868 a multiple of 52?
True
Is 2381094 a multiple of 2?
True
Is 311 a factor of 1151633?
True
Is 250741 a multiple of 65?
False
Is 7595100 a multiple of 30?
True
Does 55 divide 182985?
True
Is 153 a factor of 2695554?
True
Is 1624966 a multiple of 74?
True
Does 33 divide 208715?
False
Does 34 divide 4571936?
False
Does 17 divide 12895250?
False
Is 365086 a multiple of 365?
False
Is 463 a factor of 404199?
True
Is 141278 a multiple of 1036?
False
Is 498314 a multiple of 34?
False
Is 1080 a multiple of 87?
False
Is 1060548 a multiple of 63?
False
Is 94 a factor of 1874924?
True
Is 121293 a multiple of 271?
False
Is 5808245 a multiple of 8?
False
Is 7680 a multiple of 160?
True
Is 1088 a multiple of 2?
True
Is 571132 a multiple of 454?
True
Is 186853 a multiple of 100?
False
Is 578375 a multiple of 46?
False
Is 417 a factor of 2081664?
True
Is 238 a factor of 182149?
False
Is 3006635 a multiple of 23?
False
Is 284 a factor of 290248?
True
Is 389304 a multiple of 4?
True
Does 103 divide 32136?
True
Is 25 a factor of 801250?
True
Is 46 a factor of 5921626?
True
Is 125458 a multiple of 374?
False
Does 416 divide 33571?
False
Does 2466 divide 32847120?
True
Is 188487 a multiple of 351?
True
Does 24 divide 9002?
False
Is 11447 even?
False
Does 6 divide 3910410?
True
Is 1703288 a multiple of 184?
True
Is 4 a factor of 18422?
False
Is 57120 a multiple of 112?
True
Does 219 divide 1402396?
False
Is 16409 a multiple of 199?
False
Does 210 divide 31395420?
True
Is 271094 a multiple of 89?
True
Is 512 a factor of 301617?
False
Is 49 a factor of 779100?
True
Is 147562 a multiple of 89?
True
Is 825888 a multiple of 112?
True
Is 9 a factor of 553536?
True
Is 753697 a multiple of 255?
False
Is 120 a factor of 6428520?
True
Is 38 a factor of 940158?
True
Is 988880 a multiple of 4?
True
Is 43 a factor of 5280308?
False
Is 134 a factor of 6805719?
False
Is 225577 a multiple of 36?
False
Is 262 a factor of 2032858?
True
Does 21 divide 35574?
True
Is 6286910 a multiple of 19?
True
Does 276 divide 956853?
False
Is 3907124 a multiple of 13?
True
Is 8379 a multiple of 76?
False
Is 16 a factor of 2366352?
True
Is 10958635 a multiple of 160?
False
Is 576 a factor of 1798848?
True
Does 31 divide 7047075?
True
Is 40 a factor of 244622?
False
Does 54 divide 240354?
True
Does 43 divide 721196?
True
Is 31 a factor of 27063?
True
Does 154 divide 181258?
True
Is 69 a factor of 65757?
True
Is 10 a factor of 1072096?
False
Does 899 divide 3212098?
False
Is 8 a factor of 22627?
False
Is 643025 a multiple of 89?
True
Is 73231 a multiple of 299?
False
Is 103 a factor of 3986394?
False
Is 1112528 a multiple of 56?
False
Does 162 divide 2182788?
True
Is 579096 a multiple of 12?
True
Is 177 a factor of 1933406?
False
Does 69 divide 1789170?
True
Is 26260 even?
True
Is 3 a factor of 43354?
False
Is 545 a factor of 335175?
True
Is 550 a factor of 464750?
True
Is 45 a factor of 52650?
True
Is 644 a factor of 2137329?
False
Does 515 divide 8117430?
True
Does 75 divide 326775?
True
Does 23 divide 21678?
False
Is 305 a factor of 285785?
True
Does 409 divide 420768?
False
Is 22 a factor of 522654?
True
Does 59 divide 3625071?
False
Is 8964357 a multiple of 141?
True
Is 3925 a multiple of